{"id":28,"date":"2020-11-21T15:58:57","date_gmt":"2020-11-21T14:58:57","guid":{"rendered":"http:\/\/fonderie-infocom.net\/research\/carsten-wilhelm\/?page_id=28"},"modified":"2025-09-07T09:38:21","modified_gmt":"2025-09-07T07:38:21","slug":"accueil","status":"publish","type":"page","link":"http:\/\/fonderie-infocom.net\/research\/carsten-wilhelm\/","title":{"rendered":"Professeur des Universit\u00e9s \/ University Professor"},"content":{"rendered":"\n<div class=\"wp-block-media-text alignwide has-media-on-the-right is-stacked-on-mobile\" style=\"grid-template-columns:auto 30%\"><div class=\"wp-block-media-text__content\">\n<p style=\"font-size:16px\"><a rel=\"noreferrer noopener\" href=\"http:\/\/www.campus-fonderie.uha.fr\/\" target=\"_blank\">Facult\u00e9 des Sciences \u00c9conomiques, Sociales et Juridiques (FSESJ), Campus Fonderie<\/a> <a rel=\"noreferrer noopener\" href=\"http:\/\/uha.fr\" target=\"_blank\">Universit\u00e9 de Haute-Alsace (UHA)<\/a><\/p>\n<\/div><figure class=\"wp-block-media-text__media\"><img loading=\"lazy\" decoding=\"async\" width=\"638\" height=\"371\" src=\"http:\/\/fonderie-infocom.net\/research\/carsten-wilhelm\/wp-content\/uploads\/sites\/6\/2021\/08\/logo-Fonderie-2015.jpg\" alt=\"\" class=\"wp-image-473 size-full\" srcset=\"http:\/\/fonderie-infocom.net\/research\/carsten-wilhelm\/wp-content\/uploads\/sites\/6\/2021\/08\/logo-Fonderie-2015.jpg 638w, http:\/\/fonderie-infocom.net\/research\/carsten-wilhelm\/wp-content\/uploads\/sites\/6\/2021\/08\/logo-Fonderie-2015-300x174.jpg 300w\" sizes=\"auto, (max-width: 638px) 100vw, 638px\" \/><\/figure><\/div>\n\n\n\n<div class=\"wp-block-media-text alignwide is-stacked-on-mobile\" style=\"grid-template-columns:15% auto\"><figure class=\"wp-block-media-text__media\"><img loading=\"lazy\" decoding=\"async\" width=\"756\" height=\"756\" src=\"http:\/\/fonderie-infocom.net\/research\/carsten-wilhelm\/wp-content\/uploads\/sites\/6\/2021\/08\/logo-infocom.png\" alt=\"\" class=\"wp-image-471 size-full\" srcset=\"http:\/\/fonderie-infocom.net\/research\/carsten-wilhelm\/wp-content\/uploads\/sites\/6\/2021\/08\/logo-infocom.png 756w, http:\/\/fonderie-infocom.net\/research\/carsten-wilhelm\/wp-content\/uploads\/sites\/6\/2021\/08\/logo-infocom-300x300.png 300w, http:\/\/fonderie-infocom.net\/research\/carsten-wilhelm\/wp-content\/uploads\/sites\/6\/2021\/08\/logo-infocom-150x150.png 150w\" sizes=\"auto, (max-width: 756px) 100vw, 756px\" \/><\/figure><div class=\"wp-block-media-text__content\">\n<p style=\"font-size:16px\"><a href=\"https:\/\/www.campus-fonderie.uha.fr\/formations\/information-communication\/\">D\u00e9partement Information-Communication \/ Communication, <\/a><br><a href=\"https:\/\/www.campus-fonderie.uha.fr\/formations\/information-communication\/\">Media and Information Studies department<\/a><\/p>\n<\/div><\/div>\n\n\n\n<p><\/p>\n\n\n\n<div class=\"wp-block-media-text alignwide has-media-on-the-right is-stacked-on-mobile\" style=\"grid-template-columns:auto 16%\"><div class=\"wp-block-media-text__content\">\n<p style=\"font-size:15px\">Centre de recherche sur les \u00e9conomies, les soci\u00e9t\u00e9s, les arts et les techniques<\/p>\n<\/div><figure class=\"wp-block-media-text__media\"><img loading=\"lazy\" decoding=\"async\" width=\"349\" height=\"96\" src=\"http:\/\/fonderie-infocom.net\/research\/carsten-wilhelm\/wp-content\/uploads\/sites\/6\/2022\/06\/CRESAT-COUL-fond-blanc.png\" alt=\"\" class=\"wp-image-629 size-full\" srcset=\"http:\/\/fonderie-infocom.net\/research\/carsten-wilhelm\/wp-content\/uploads\/sites\/6\/2022\/06\/CRESAT-COUL-fond-blanc.png 349w, http:\/\/fonderie-infocom.net\/research\/carsten-wilhelm\/wp-content\/uploads\/sites\/6\/2022\/06\/CRESAT-COUL-fond-blanc-300x83.png 300w\" sizes=\"auto, (max-width: 349px) 100vw, 349px\" \/><\/figure><\/div>\n\n\n\n<p><\/p>\n\n\n\n<p><\/p>\n\n\n\n<div class=\"wp-block-columns are-vertically-aligned-center is-layout-flex wp-container-core-columns-is-layout-9d6595d7 wp-block-columns-is-layout-flex\">\n<div class=\"wp-block-column is-vertically-aligned-center is-layout-flow wp-block-column-is-layout-flow\" style=\"flex-basis:100%\">\n<div class=\"wp-block-group\"><div class=\"wp-block-group__inner-container is-layout-flow wp-block-group-is-layout-flow\"><div class=\"su-tabs su-tabs-style-default su-tabs-mobile-stack\" data-active=\"1\" data-scroll-offset=\"0\" data-anchor-in-url=\"no\"><div class=\"su-tabs-nav\"><span class=\"\" data-url=\"\" data-target=\"blank\" tabindex=\"0\" role=\"button\">fran\u00e7ais<\/span><span class=\"\" data-url=\"\" data-target=\"blank\" tabindex=\"0\" role=\"button\">english<\/span><span class=\"\" data-url=\"\" data-target=\"blank\" tabindex=\"0\" role=\"button\">deutsch<\/span><\/div><div class=\"su-tabs-panes\"><div class=\"su-tabs-pane su-u-clearfix su-u-trim\" data-title=\"fran\u00e7ais\">Mes travaux mettent en regard les enjeux sociaux, \u00e9thiques et politiques des usages des m\u00e9dias num\u00e9riques, les dynamiques transculturelles de la circulation du savoir et des pratiques ainsi que l&rsquo;influence des m\u00e9diations technologiques sur ces m\u00eames processus dans une perspective comparative. <\/p>\n<p>Mots cl\u00e9s : Cultures num\u00e9riques compar\u00e9es \u2013 Dynamique des interactions interculturelles et transfrontali\u00e8res \u2013 \u00c9ducation aux m\u00e9dias \u2013 \u00c9thique et Privacy \u2013 Intelligence artificielle &#8211; Formation \u00e0 distance \u2013 \u00c9pist\u00e9mologie compar\u00e9e des sciences de l\u2019information et de la communication \u2013 Pratiques du num\u00e9rique<br \/>\n<\/div>\n<div class=\"su-tabs-pane su-u-clearfix su-u-trim\" data-title=\"english\">My work examines the social, ethical and political issues of digital media uses, the transcultural dynamics of the circulation of knowledge and practices as well as the influence of technological mediations on these same processes from a comparative perspective.<\/p>\n<p>Keywords : Comparative digital cultures &#8211; Dynamics of intercultural and cross-border interactions &#8211; Media education &#8211; Ethics and Privacy &#8211; Artificial Intelligence &#8211; Distance learning &#8211; Comparative epistemology of information and communication sciences &#8211; Digital practices<br \/>\n<\/div>\n<div class=\"su-tabs-pane su-u-clearfix su-u-trim\" data-title=\"deutsch\">Meine Forschung dreht sich um die sozialen, ethischen und politischen Fragen der Nutzung digitaler Medien, die transkulturelle Dynamik der Verbreitung von Wissen und Praktiken sowie den Einfluss technologischer Vermittlungen auf dieselben Prozesse, dies aus einer vergleichenden Perspektive. <\/p>\n<p>Stichw\u00f6rter : Vergleichende digitale Kulturen &#8211; Dynamik interkultureller und grenz\u00fcberschreitender Interaktionen &#8211; Medienbildung &#8211; Ethik und Datenschutz &#8211; K\u00fcnstliche Intelligenz &#8211; Fernunterricht &#8211; Vergleichende Erkenntnistheorie der Informations- und Kommunikationswissenschaften &#8211; Digitale Praktiken<br \/>\n<\/div><\/div><\/div>\n<\/div><\/div>\n<\/div>\n<\/div>\n\n\n\n<p><\/p>\n\n\n\n<div class=\"wp-block-group\"><div class=\"wp-block-group__inner-container is-layout-flow wp-block-group-is-layout-flow\">\n<p><a href=\"https:\/\/orcid.org\/0000-0002-5037-4946\">ORCID<\/a> \/ <a rel=\"noreferrer noopener\" href=\"https:\/\/cv.archives-ouvertes.fr\/carsten-wilhelm\" target=\"_blank\">HAL<\/a> \/ <a rel=\"noreferrer noopener\" href=\"https:\/\/scholar.google.com\/citations?user=FTN7wYsAAAAJ&amp;hl=de&amp;oi=ao\" target=\"_blank\">Google Scholar<\/a><br><a rel=\"noreferrer noopener\" href=\"https:\/\/www.researchgate.net\/profile\/Carsten_Wilhelm\" target=\"_blank\">Researchgate<\/a> \/ <a rel=\"noreferrer noopener\" href=\"https:\/\/uha.academia.edu\/CarstenWILHELM\" target=\"_blank\">Academia<\/a><\/p>\n<\/div><\/div>\n\n\n\n<ul class=\"wp-block-list\">\n<li>Membre de la de la <a href=\"https:\/\/sfsic.org\" target=\"_blank\" rel=\"noreferrer noopener\">SFSIC <\/a> (Soci\u00e9t\u00e9 Fran\u00e7ais des Sciences de l\u2019information et de la communication)<\/li>\n\n\n\n<li>Administrateur \u00e9lu au CA de la SFSIC de 2014-2023, Vice-Pr\u00e9sident <a href=\"https:\/\/www.sfsic.org\/la-sfsic\/commission-relations-internationales\/\" target=\"_blank\" rel=\"noreferrer noopener\">Relations Internationales<\/a> de 2018 \u00e0 2023.<br><\/li>\n\n\n\n<li>membre fondateur du <a href=\"https:\/\/comparativeprivacy.org\/\" target=\"_blank\" rel=\"noreferrer noopener\"><strong>Comparative Privacy Research Network<\/strong><\/a><strong> (CPRN)<\/strong><br><\/li>\n\n\n\n<li>Co-Fondateur du <strong><a href=\"https:\/\/genic.hypotheses.org\/\" target=\"_blank\" rel=\"noreferrer noopener\">GENIC &#8211; Groupe d&rsquo;\u00e9tude et de recherche sur l&rsquo;\u00e9thique en information communication<\/a> <\/strong>(un GER de la SFSIC); <\/li>\n<\/ul>\n\n\n\n<ul class=\"wp-block-list\">\n<li>Coordinateur du projet international <strong><a href=\"http:\/\/fonderie-infocom.net\/cumen\/\" target=\"_blank\" rel=\"noreferrer noopener\">CUMEN &#8211; Cultures des m\u00e9dias num\u00e9riques<\/a><\/strong><\/li>\n\n\n\n<li>Co-Coordinateur du projet franco-allemand <strong><a href=\"http:\/\/fonderie-infocom.net\/research\/mcfa\/\">Milieux de communication franco-allemands \/ Deutsch-Franz\u00f6sische Kommunikationsmilieus<\/a><\/strong><\/li>\n\n\n\n<li>Co-Coordinateur du projet <strong><a href=\"http:\/\/fonderie-infocom.net\/research\/civin\/\" target=\"_blank\" rel=\"noreferrer noopener\">CIVIN &#8211; Communication interculturelle viti-vinicole<\/a><\/strong><\/li>\n<\/ul>\n\n\n\n<ul class=\"wp-block-list\">\n<li>Directeur du <a href=\"http:\/\/www.campus-fonderie.uha.fr\/formations\/information-communication\/\" target=\"_blank\" rel=\"noreferrer noopener\">d\u00e9partement InfoCom<\/a> Campus Fonderie FSESJ de l&rsquo;UHA, de 2016 \u00e0 2021 et de 2022 \u00e0 2024<\/li>\n\n\n\n<li>Responsable du <a href=\"https:\/\/www.campus-fonderie.uha.fr\/formations\/information-communication\/master-information-communication\/\" target=\"_blank\" rel=\"noreferrer noopener\">Master Information-communication<\/a> depuis 2016<\/li>\n\n\n\n<li>Elu au Conseil de Facult\u00e9 de 2015 \u00e0 2023<\/li>\n<\/ul>\n\n\n\n<p><\/p>\n","protected":false},"excerpt":{"rendered":"<p>Facult\u00e9 des Sciences \u00c9conomiques, Sociales et Juridiques (FSESJ), Campus Fonderie Universit\u00e9 de Haute-Alsace (UHA) D\u00e9partement Information-Communication \/ Communication, Media and Information Studies department Centre de recherche sur les \u00e9conomies, les soci\u00e9t\u00e9s, les arts et les techniques ORCID \/ HAL \/ Google ScholarResearchgate \/ Academia<\/p>\n","protected":false},"author":1,"featured_media":0,"parent":0,"menu_order":0,"comment_status":"closed","ping_status":"closed","template":"","meta":{"footnotes":""},"class_list":["post-28","page","type-page","status-publish","hentry"],"_links":{"self":[{"href":"http:\/\/fonderie-infocom.net\/research\/carsten-wilhelm\/wp-json\/wp\/v2\/pages\/28","targetHints":{"allow":["GET"]}}],"collection":[{"href":"http:\/\/fonderie-infocom.net\/research\/carsten-wilhelm\/wp-json\/wp\/v2\/pages"}],"about":[{"href":"http:\/\/fonderie-infocom.net\/research\/carsten-wilhelm\/wp-json\/wp\/v2\/types\/page"}],"author":[{"embeddable":true,"href":"http:\/\/fonderie-infocom.net\/research\/carsten-wilhelm\/wp-json\/wp\/v2\/users\/1"}],"replies":[{"embeddable":true,"href":"http:\/\/fonderie-infocom.net\/research\/carsten-wilhelm\/wp-json\/wp\/v2\/comments?post=28"}],"version-history":[{"count":146,"href":"http:\/\/fonderie-infocom.net\/research\/carsten-wilhelm\/wp-json\/wp\/v2\/pages\/28\/revisions"}],"predecessor-version":[{"id":723,"href":"http:\/\/fonderie-infocom.net\/research\/carsten-wilhelm\/wp-json\/wp\/v2\/pages\/28\/revisions\/723"}],"wp:attachment":[{"href":"http:\/\/fonderie-infocom.net\/research\/carsten-wilhelm\/wp-json\/wp\/v2\/media?parent=28"}],"curies":[{"name":"wp","href":"https:\/\/api.w.org\/{rel}","templated":true}]}}

Professeur des Universités / University Professor

<div class="wp-block-media-text alignwide has-media-on-the-right is-stacked-on-mobile" style="grid-template-columns:auto 30%"><div class="wp-block-media-text__content">
<p style="font-size:16px"><a rel="noreferrer noopener" href="http://www.campus-fonderie.uha.fr/" target="_blank">Faculté des Sciences Économiques, Sociales et Juridiques (FSESJ), Campus Fonderie</a> <a rel="noreferrer noopener" href="http://uha.fr" target="_blank">Université de Haute-Alsace (UHA)</a></p>
</div><figure class="wp-block-media-text__media"><img loading="lazy" decoding="async" width="638" height="371" src="http://fonderie-infocom.net/research/carsten-wilhelm/wp-content/uploads/sites/6/2021/08/logo-Fonderie-2015.jpg" alt="" class="wp-image-473 size-full" srcset="http://fonderie-infocom.net/research/carsten-wilhelm/wp-content/uploads/sites/6/2021/08/logo-Fonderie-2015.jpg 638w, http://fonderie-infocom.net/research/carsten-wilhelm/wp-content/uploads/sites/6/2021/08/logo-Fonderie-2015-300x174.jpg 300w" sizes="auto, (max-width: 638px) 100vw, 638px" /></figure></div>



<div class="wp-block-media-text alignwide is-stacked-on-mobile" style="grid-template-columns:15% auto"><figure class="wp-block-media-text__media"><img loading="lazy" decoding="async" width="756" height="756" src="http://fonderie-infocom.net/research/carsten-wilhelm/wp-content/uploads/sites/6/2021/08/logo-infocom.png" alt="" class="wp-image-471 size-full" srcset="http://fonderie-infocom.net/research/carsten-wilhelm/wp-content/uploads/sites/6/2021/08/logo-infocom.png 756w, http://fonderie-infocom.net/research/carsten-wilhelm/wp-content/uploads/sites/6/2021/08/logo-infocom-300x300.png 300w, http://fonderie-infocom.net/research/carsten-wilhelm/wp-content/uploads/sites/6/2021/08/logo-infocom-150x150.png 150w" sizes="auto, (max-width: 756px) 100vw, 756px" /></figure><div class="wp-block-media-text__content">
<p style="font-size:16px"><a href="https://www.campus-fonderie.uha.fr/formations/information-communication/">Département Information-Communication / Communication, </a><br><a href="https://www.campus-fonderie.uha.fr/formations/information-communication/">Media and Information Studies department</a></p>
</div></div>



<p></p>



<div class="wp-block-media-text alignwide has-media-on-the-right is-stacked-on-mobile" style="grid-template-columns:auto 16%"><div class="wp-block-media-text__content">
<p style="font-size:15px">Centre de recherche sur les économies, les sociétés, les arts et les techniques</p>
</div><figure class="wp-block-media-text__media"><img loading="lazy" decoding="async" width="349" height="96" src="http://fonderie-infocom.net/research/carsten-wilhelm/wp-content/uploads/sites/6/2022/06/CRESAT-COUL-fond-blanc.png" alt="" class="wp-image-629 size-full" srcset="http://fonderie-infocom.net/research/carsten-wilhelm/wp-content/uploads/sites/6/2022/06/CRESAT-COUL-fond-blanc.png 349w, http://fonderie-infocom.net/research/carsten-wilhelm/wp-content/uploads/sites/6/2022/06/CRESAT-COUL-fond-blanc-300x83.png 300w" sizes="auto, (max-width: 349px) 100vw, 349px" /></figure></div>



<p></p>



<p></p>



<div class="wp-block-columns are-vertically-aligned-center is-layout-flex wp-container-core-columns-is-layout-9d6595d7 wp-block-columns-is-layout-flex">
<div class="wp-block-column is-vertically-aligned-center is-layout-flow wp-block-column-is-layout-flow" style="flex-basis:100%">
<div class="wp-block-group"><div class="wp-block-group__inner-container is-layout-flow wp-block-group-is-layout-flow"><div class="su-tabs su-tabs-style-default su-tabs-mobile-stack" data-active="1" data-scroll-offset="0" data-anchor-in-url="no"><div class="su-tabs-nav"><span class="" data-url="" data-target="blank" tabindex="0" role="button">français</span><span class="" data-url="" data-target="blank" tabindex="0" role="button">english</span><span class="" data-url="" data-target="blank" tabindex="0" role="button">deutsch</span></div><div class="su-tabs-panes"><div class="su-tabs-pane su-u-clearfix su-u-trim" data-title="français">Mes travaux mettent en regard les enjeux sociaux, éthiques et politiques des usages des médias numériques, les dynamiques transculturelles de la circulation du savoir et des pratiques ainsi que l&rsquo;influence des médiations technologiques sur ces mêmes processus dans une perspective comparative. </p>
<p>Mots clés : Cultures numériques comparées – Dynamique des interactions interculturelles et transfrontalières – Éducation aux médias – Éthique et Privacy – Intelligence artificielle &#8211; Formation à distance – Épistémologie comparée des sciences de l’information et de la communication – Pratiques du numérique<br />
</div>
<div class="su-tabs-pane su-u-clearfix su-u-trim" data-title="english">My work examines the social, ethical and political issues of digital media uses, the transcultural dynamics of the circulation of knowledge and practices as well as the influence of technological mediations on these same processes from a comparative perspective.</p>
<p>Keywords : Comparative digital cultures &#8211; Dynamics of intercultural and cross-border interactions &#8211; Media education &#8211; Ethics and Privacy &#8211; Artificial Intelligence &#8211; Distance learning &#8211; Comparative epistemology of information and communication sciences &#8211; Digital practices<br />
</div>
<div class="su-tabs-pane su-u-clearfix su-u-trim" data-title="deutsch">Meine Forschung dreht sich um die sozialen, ethischen und politischen Fragen der Nutzung digitaler Medien, die transkulturelle Dynamik der Verbreitung von Wissen und Praktiken sowie den Einfluss technologischer Vermittlungen auf dieselben Prozesse, dies aus einer vergleichenden Perspektive. </p>
<p>Stichwörter : Vergleichende digitale Kulturen &#8211; Dynamik interkultureller und grenzüberschreitender Interaktionen &#8211; Medienbildung &#8211; Ethik und Datenschutz &#8211; Künstliche Intelligenz &#8211; Fernunterricht &#8211; Vergleichende Erkenntnistheorie der Informations- und Kommunikationswissenschaften &#8211; Digitale Praktiken<br />
</div></div></div>
</div></div>
</div>
</div>



<p></p>



<div class="wp-block-group"><div class="wp-block-group__inner-container is-layout-flow wp-block-group-is-layout-flow">
<p><a href="https://orcid.org/0000-0002-5037-4946">ORCID</a> / <a rel="noreferrer noopener" href="https://cv.archives-ouvertes.fr/carsten-wilhelm" target="_blank">HAL</a> / <a rel="noreferrer noopener" href="https://scholar.google.com/citations?user=FTN7wYsAAAAJ&amp;hl=de&amp;oi=ao" target="_blank">Google Scholar</a><br><a rel="noreferrer noopener" href="https://www.researchgate.net/profile/Carsten_Wilhelm" target="_blank">Researchgate</a> / <a rel="noreferrer noopener" href="https://uha.academia.edu/CarstenWILHELM" target="_blank">Academia</a></p>
</div></div>



<ul class="wp-block-list">
<li>Membre de la de la <a href="https://sfsic.org" target="_blank" rel="noreferrer noopener">SFSIC </a> (Société Français des Sciences de l’information et de la communication)</li>



<li>Administrateur élu au CA de la SFSIC de 2014-2023, Vice-Président <a href="https://www.sfsic.org/la-sfsic/commission-relations-internationales/" target="_blank" rel="noreferrer noopener">Relations Internationales</a> de 2018 à 2023.<br></li>



<li>membre fondateur du <a href="https://comparativeprivacy.org/" target="_blank" rel="noreferrer noopener"><strong>Comparative Privacy Research Network</strong></a><strong> (CPRN)</strong><br></li>



<li>Co-Fondateur du <strong><a href="https://genic.hypotheses.org/" target="_blank" rel="noreferrer noopener">GENIC &#8211; Groupe d&rsquo;étude et de recherche sur l&rsquo;éthique en information communication</a> </strong>(un GER de la SFSIC); </li>
</ul>



<ul class="wp-block-list">
<li>Coordinateur du projet international <strong><a href="http://fonderie-infocom.net/cumen/" target="_blank" rel="noreferrer noopener">CUMEN &#8211; Cultures des médias numériques</a></strong></li>



<li>Co-Coordinateur du projet franco-allemand <strong><a href="http://fonderie-infocom.net/research/mcfa/">Milieux de communication franco-allemands / Deutsch-Französische Kommunikationsmilieus</a></strong></li>



<li>Co-Coordinateur du projet <strong><a href="http://fonderie-infocom.net/research/civin/" target="_blank" rel="noreferrer noopener">CIVIN &#8211; Communication interculturelle viti-vinicole</a></strong></li>
</ul>



<ul class="wp-block-list">
<li>Directeur du <a href="http://www.campus-fonderie.uha.fr/formations/information-communication/" target="_blank" rel="noreferrer noopener">département InfoCom</a> Campus Fonderie FSESJ de l&rsquo;UHA, de 2016 à 2021 et de 2022 à 2024</li>



<li>Responsable du <a href="https://www.campus-fonderie.uha.fr/formations/information-communication/master-information-communication/" target="_blank" rel="noreferrer noopener">Master Information-communication</a> depuis 2016</li>



<li>Elu au Conseil de Faculté de 2015 à 2023</li>
</ul>



<p></p>

<p>Faculté des Sciences Économiques, Sociales et Juridiques (FSESJ), Campus Fonderie Université de Haute-Alsace (UHA) Département Information-Communication / Communication, Media and Information Studies department Centre de recherche sur les économies, les sociétés, les arts et les techniques ORCID / HAL / Google ScholarResearchgate / Academia</p>
