{"id":157,"date":"2021-03-25T09:19:20","date_gmt":"2021-03-25T08:19:20","guid":{"rendered":"http:\/\/fonderie-infocom.net\/research\/mcfa\/?page_id=157"},"modified":"2021-03-31T11:52:47","modified_gmt":"2021-03-31T09:52:47","slug":"atelier-workshop-lyon-162331-mars-2021","status":"publish","type":"page","link":"http:\/\/fonderie-infocom.net\/research\/mcfa\/evenements-events\/atelier-workshop-lyon-162331-mars-2021\/","title":{"rendered":"Atelier \/ Workshop Lyon 16+23+31 mars 2021"},"content":{"rendered":"\n<p class=\"has-text-align-center\">&gt;&gt;&gt; <a href=\"https:\/\/docs.google.com\/forms\/d\/e\/1FAIpQLSdIbcI1Ob2YXuDnTn73umDD6PZCqHx-x_klba6ghl_qq2vDJg\/viewform\">Inscription \/ Anmeldung<\/a><\/p>\n\n\n\n<p><strong>Milieux de la recherche en communication&nbsp;: France et Allemagne<\/strong><\/p>\n\n\n\n<p>Ce premier atelier prend les sciences consacr\u00e9es \u00e0 la communication comme objet et comme outil d\u2019analyse. Il vise \u00e0 discuter et \u00e0 consolider les conditions d\u2019une appr\u00e9hension critique et situ\u00e9e des milieux internationaux dans lesquels nous sommes impliqu\u00e9s&nbsp;: en quoi sont-ils des contraintes et\/ou des espaces de libert\u00e9, comment les reconna\u00eetre et les d\u00e9velopper&nbsp;?<\/p>\n\n\n\n<p>La r\u00e9flexion sur les milieux scientifiques internationaux nous confronte \u00e0 des rapports complexes entre ce qui rel\u00e8ve de nos cadres communs (les institutions universitaires, elles-m\u00eames de plus en plus europ\u00e9anis\u00e9es et internationalis\u00e9es) et ce qui rel\u00e8ve des interactions individuelles, des affinit\u00e9s, qu\u2019elles soient intellectuelles, professionnelles, th\u00e9matiques ou, aussi, personnelles.<\/p>\n\n\n\n<p>Nous pr\u00eaterons attention aux contextes acad\u00e9miques&nbsp;; \u00e0 l\u2019histoire des sciences consacr\u00e9es \u00e0 la communication en France et en Allemagne, \u00e0 leurs caract\u00e9ristiques disciplinaires, \u00e0 leurs convergences et divergences et \u00e0 leurs lignes de force aujourd\u2019hui (m\u00e9thodologies num\u00e9riques, etc.); aux pratiques et aux fa\u00e7ons de faire de la science dans des milieux franco-allemands, avec une attention particuli\u00e8re port\u00e9e \u00e0 l\u2019exp\u00e9rience et les sujets des jeunes chercheurs.<\/p>\n\n\n\n<p><strong>Milieus der Kommunikationsforschung: Deutschland und Frankreich<\/strong><\/p>\n\n\n\n<p>Dieses Atelier widmet sich der Meta-Analyse der Kommunikationswissenschaft, ihrer Theoriebest\u00e4nde, Konzepte und Terminologien, die in Frankreich und Deutschland sehr unterschiedlich sind. Wie hat sich die Kommunikationswissenschaft in beiden L\u00e4ndern entwickelt und tut dies derzeit? Die Frage richtet sich auch auf aktuelle Entwicklungen im Bereich digitaler Medienumgebungen und Forschungsmethodologien, die ebenfalls zunehmend durch digitale Methoden und Tools bestimmt werden, z.B. Trackingverfahren in der Nutzungsforschung. Welches sind Unterschiede und Gemeinsamkeiten der franz\u00f6sischen und der deutschen Forschung?<\/p>\n\n\n\n<p>Der Forschungstag dient der kritischen Selbstreflexion der Kommunikationswissenschaft. Dies bezieht lokale, nationale und internationale Perspektiven auf kommunikative Prozesse, Interaktionen und Praktiken (einschlie\u00dfende und ausschlie\u00dfende) in der Wissenschaft ein und verfolgt auch wissenschaftssoziologische Interessen. Insbesondere werden junge Forscher_innen und ihre Erfahrungen und Forschrungsthemen einbezogen.<\/p>\n\n\n\n<p><strong><u>16.03.2021, 9.00 \u2013 12.00<\/u><\/strong><\/p>\n\n\n\n<p><strong>9.00. <\/strong>Introduction \/ Einleitung<\/p>\n\n\n\n<p><strong><em><a href=\"https:\/\/www.uni-bremen.de\/zemki\/das-zemki\/mitglieder\/mitglieder\/mitgliedsprofil\/idm\/5380\">Stefanie Averbeck-Lietz<\/a><\/em><\/strong><em> (ZEMKI, Br\u00eame), <strong><a href=\"https:\/\/www.cresat.uha.fr\/fabien-bonnet\/\">Fabien Bonnet<\/a><\/strong> (CRESAT, Mulhouse), <strong><a href=\"https:\/\/elico-recherche.msh-lse.fr\/membres\/sarah-cordonnier\">Sarah Cordonnier<\/a><\/strong> (ELICO, Lyon), <strong><a href=\"http:\/\/carsten-wilhelm.net\/\">Carsten Wilhelm<\/a><\/strong> (CRESAT, Mulhouse)<\/em><\/p>\n\n\n\n<p><strong>9.30<\/strong>. Concepts pour la comparaison internationale \u2013 le cas France-Allemagne \/ Konzepte f\u00fcr den internationalen Vergleich \u2013 Frankreich-Deutschland<\/p>\n\n\n\n<p><strong><em><a href=\"https:\/\/www.uni-bremen.de\/zemki\/das-zemki\/mitglieder\/mitglieder\/mitgliedsprofil\/idm\/5380\">Stefanie Averbeck-Lietz<\/a><\/em><\/strong><em>&nbsp;&nbsp;&nbsp;&nbsp;&nbsp;&nbsp;&nbsp;&nbsp;&nbsp;&nbsp;&nbsp;&nbsp;&nbsp;&nbsp;&nbsp;&nbsp;&nbsp;&nbsp;&nbsp;&nbsp;&nbsp;&nbsp;&nbsp;&nbsp;&nbsp;&nbsp;&nbsp;&nbsp;&nbsp;&nbsp;&nbsp;&nbsp;&nbsp;&nbsp;&nbsp;&nbsp;&nbsp;&nbsp;&nbsp;&nbsp;&nbsp;&nbsp;&nbsp;&nbsp;&nbsp;&nbsp;&nbsp;&nbsp;&nbsp;&nbsp;&nbsp;&nbsp;&nbsp;&nbsp;&nbsp;&nbsp;&nbsp;&nbsp;&nbsp;&nbsp;&nbsp;&nbsp;&nbsp;&nbsp;&nbsp;&nbsp;&nbsp;&nbsp;&nbsp;&nbsp;&nbsp;&nbsp;&nbsp;&nbsp;&nbsp;&nbsp;&nbsp;&nbsp;&nbsp;&nbsp;&nbsp;&nbsp;&nbsp;&nbsp;&nbsp;&nbsp;&nbsp;&nbsp;&nbsp;&nbsp;&nbsp;&nbsp;&nbsp; <\/em>Discutante \/ Diskutantin: <strong><em><em><strong><a href=\"https:\/\/www.linkedin.com\/in\/sabine-bosler-809b2786\/?originalSubdomain=fr\">Sabine Bosler<\/a><\/strong><\/em><\/em><\/strong><\/p>\n\n\n\n<figure class=\"wp-block-embed is-type-video is-provider-youtube wp-block-embed-youtube wp-embed-aspect-16-9 wp-has-aspect-ratio\"><div class=\"wp-block-embed__wrapper\">\n<iframe loading=\"lazy\" title=\"Milieus der Kommunikation - Deutschland und Frankreich\" width=\"1200\" height=\"675\" src=\"https:\/\/www.youtube.com\/embed\/videoseries?list=PLvcEfaBPpYZG9o7q2Xv1fIH37iz1FYTf2\" frameborder=\"0\" allow=\"accelerometer; autoplay; clipboard-write; encrypted-media; gyroscope; picture-in-picture\" allowfullscreen><\/iframe>\n<\/div><\/figure>\n\n\n\n<p><strong>Discussion, pause<\/strong><\/p>\n\n\n\n<p><strong>10.30<\/strong><em>.<\/em> Pr\u00e9sentation des sujets des doctorant.e.s participant \u00e0 l\u2019atelier \/ Vorstellung der Themen der am Workshop teilnehmenden Doktoranden<\/p>\n\n\n\n<p><strong><em>Sophie Ruch<\/em><\/strong><em>, <strong><a href=\"https:\/\/www.linkedin.com\/in\/sabine-bosler-809b2786\/?originalSubdomain=fr\">Sabine Bosler<\/a><\/strong> (CRESAT, Mulhouse), <strong><a href=\"https:\/\/elico-recherche.msh-lse.fr\/membres\/laura-bousquet\">Laura Bousquet<\/a><\/strong>, <strong><strong><em><a href=\"https:\/\/elico-recherche.msh-lse.fr\/membres\/clementine-leroy\">Cl\u00e9mentine Leroy<\/a><\/em><\/strong><\/strong>, <strong><strong><em><a href=\"https:\/\/elico-recherche.msh-lse.fr\/membres\/constance-muhlmeyer\">Marie Muhlmeyer<\/a><\/em><\/strong><\/strong> (ELICO, Lyon), <strong><a href=\"https:\/\/www.uni-bremen.de\/zemki\/das-zemki\/mitglieder\/mitglieder\/mitgliedsprofil\/idm\/24659?cHash=68cd86d427ec114ddd5637ba32d2a9cf\">Jan Schulze Buschoff<\/a><\/strong>, <strong><strong><em><strong><em><a href=\"https:\/\/www.uni-bremen.de\/zemki\/das-zemki\/mitglieder\/mitglieder\/mitgliedsprofil\/idm\/5339?cHash=aa9acddf41b9dde5a90dc8887a187086\">Viviane Harkort<\/a><\/em><\/strong><\/em><\/strong><\/strong> (ZEMKI, Br\u00eame)<\/em><\/p>\n\n\n\n<p><strong>11.30.<\/strong> Bilan et prochaines s\u00e9ances \/ Schluss und n\u00e4chste Sitzungen<\/p>\n\n\n\n<p><strong><u>23.03.2021, 9.00 \u2013 12.00<\/u><\/strong><\/p>\n\n\n\n<p><strong>9.00. <\/strong>Introduction \/ Einleitung<\/p>\n\n\n\n<p><strong>9.15<\/strong>. \u00c9tudier les dynamiques transculturelles dans des contextes communicationnels franco-allemands<\/p>\n\n\n\n<p><strong><em><strong><a href=\"https:\/\/www.gripic.fr\/utilisateur\/lisa-bolz\">Lisa Bolz<\/a><\/strong><\/em><\/strong><em> (GRIPIC, Paris)&nbsp;&nbsp;&nbsp;&nbsp;&nbsp;&nbsp;&nbsp;&nbsp;&nbsp;&nbsp;&nbsp;&nbsp;&nbsp;&nbsp;&nbsp;&nbsp;&nbsp;&nbsp;&nbsp;&nbsp;&nbsp;&nbsp;&nbsp;&nbsp;&nbsp;&nbsp;&nbsp;&nbsp;&nbsp;&nbsp;&nbsp;&nbsp;&nbsp;&nbsp;&nbsp;&nbsp;&nbsp;&nbsp;&nbsp;&nbsp;&nbsp;&nbsp;&nbsp;&nbsp;&nbsp;&nbsp;&nbsp;&nbsp;&nbsp;&nbsp;&nbsp;&nbsp;&nbsp;&nbsp;&nbsp;&nbsp;&nbsp;&nbsp;&nbsp;&nbsp;&nbsp;&nbsp;&nbsp;&nbsp;&nbsp;&nbsp;&nbsp;&nbsp;&nbsp;&nbsp;&nbsp;&nbsp;&nbsp;&nbsp;&nbsp;&nbsp;&nbsp;&nbsp;&nbsp;&nbsp;&nbsp;&nbsp;&nbsp;&nbsp;&nbsp;&nbsp;&nbsp;&nbsp;&nbsp;&nbsp;&nbsp;&nbsp; <\/em>Discutante \/ Diskutantin: <strong><em><strong><em><a href=\"https:\/\/www.uni-bremen.de\/zemki\/das-zemki\/mitglieder\/mitglieder\/mitgliedsprofil\/idm\/5339?cHash=aa9acddf41b9dde5a90dc8887a187086\">Viviane Harkort<\/a><\/em><\/strong><\/em><\/strong><\/p>\n\n\n\n<p><strong>Discussion, pause<\/strong><\/p>\n\n\n\n<p><strong>10.30<\/strong>. Europ\u00e4ische Medienwissenschaft. Eine Bestandsaufnahme deutschsprachiger Ans\u00e4tze<\/p>\n\n\n\n<p><strong><em><a href=\"https:\/\/www.uni-flensburg.de\/germanistik\/wer-wir-sind\/alle-lehrenden\/wagner-hedwig-prof-dr\/\">Hedwig Wagner<\/a><\/em><\/strong><em> (Professorin f\u00fcr Europ\u00e4ische Medienwissenschaft, Europa-Universit\u00e4t Flensburg)<\/em><\/p>\n\n\n\n<p>Discutante \/ Diskutantin: <strong><em><a href=\"https:\/\/elico-recherche.msh-lse.fr\/membres\/clementine-leroy\">Cl\u00e9mentine Leroy<\/a><\/em><\/strong><\/p>\n\n\n\n<p><strong>11.30.<\/strong> Bilan et prochaines s\u00e9ances \/ Schluss und n\u00e4chste Sitzungen<\/p>\n\n\n\n<p><strong><u>31.03.2021, 9.00 \u2013 12.00<\/u><\/strong><\/p>\n\n\n\n<p><strong>9.00. <\/strong>Introduction. Objets, m\u00e9thodes, difficult\u00e9s et int\u00e9r\u00eats de l\u2019enqu\u00eate \u2013 le \u00ab&nbsp;Milieu&nbsp;\u00bb, entre apports et questions \/ Einleitung. Objekte, Methoden, Schwierigkeiten und Interessen der Forschung \u2013 das \u201eMilieu\u201c zwischen Disparatheiten und Problemen<\/p>\n\n\n\n<p><strong>Projets doctoraux 1 \/ Doktorandenprojekte 1&nbsp;&nbsp;&nbsp;&nbsp;&nbsp;&nbsp;&nbsp;&nbsp;&nbsp;&nbsp;&nbsp;&nbsp;&nbsp;&nbsp;&nbsp;&nbsp;&nbsp;&nbsp;&nbsp;&nbsp;&nbsp;&nbsp;&nbsp;&nbsp;&nbsp;&nbsp;&nbsp;&nbsp;&nbsp;&nbsp;&nbsp;&nbsp;&nbsp;&nbsp;&nbsp;&nbsp;&nbsp;&nbsp;&nbsp;&nbsp;&nbsp;<\/strong> Discutante \/ Diskutantin: <strong><a href=\"https:\/\/www.gripic.fr\/utilisateur\/lisa-bolz\">Lisa Bolz<\/a><\/strong><\/p>\n\n\n\n<p><strong>9.15. <\/strong><strong><em>Sophie Ruch<\/em><\/strong><em> (CRESAT, Mulhouse)<\/em><\/p>\n\n\n\n<p><strong>9.30. <em><a href=\"https:\/\/elico-recherche.msh-lse.fr\/membres\/laura-bousquet\">Laura Bousquet<\/a><\/em><\/strong><em> (ELICO, Lyon), <\/em>Th\u00e9orie des industries culturelles et Buchwissenschaft : compl\u00e9mentarit\u00e9 et apports des approches fran\u00e7aises et allemandes \u00e0 une \u00e9tude des pratiques professionnelles dans l&rsquo;industrie du livre<em> \/ <\/em>Th\u00e9orie des industries culturelles und Buchwissenschaft: Komplementarit\u00e4t und Beitr\u00e4ge der deutschen und franz\u00f6sischen Herangehensweisen zu einer Studie \u00fcber die berufliche Praxis in der Buchbranche<\/p>\n\n\n\n<p><strong>9.45. <em><a href=\"https:\/\/www.uni-bremen.de\/zemki\/das-zemki\/mitglieder\/mitglieder\/mitgliedsprofil\/idm\/24659\">Jan Schulze Buschoff<\/a><\/em><\/strong><em> (ZEMKI, Br\u00eame), <\/em>Le Rassemblement national et la th\u00e9orie d\u2019h\u00e9g\u00e9monie \u2013 une analyse selon Ernesto Laclau et Chantal Mouffe<\/p>\n\n\n\n<p><strong>Discussion, pause<\/strong><\/p>\n\n\n\n<p><strong>Projets doctoraux 2 \/ Doktorandenprojekte 2&nbsp;&nbsp;&nbsp;&nbsp;&nbsp;&nbsp;&nbsp;&nbsp;&nbsp;&nbsp;&nbsp;&nbsp;&nbsp;&nbsp;&nbsp;&nbsp;&nbsp;&nbsp;&nbsp;&nbsp;&nbsp;&nbsp;&nbsp;&nbsp;&nbsp;&nbsp;&nbsp;&nbsp;&nbsp; <\/strong>Discutante \/ Diskutantin:<strong> <a href=\"https:\/\/www.uni-flensburg.de\/germanistik\/wer-wir-sind\/alle-lehrenden\/wagner-hedwig-prof-dr\/\">Hedwig Wagner<\/a><\/strong><\/p>\n\n\n\n<p><strong>10.30. <em><a href=\"https:\/\/elico-recherche.msh-lse.fr\/membres\/clementine-leroy\">Cl\u00e9mentine Leroy<\/a><\/em><\/strong><em> (ELICO, Lyon), <\/em>Le Brexit et la question de l&rsquo;espace public europ\u00e9en<\/p>\n\n\n\n<p><strong>10.45. <em><a href=\"https:\/\/www.uni-bremen.de\/zemki\/das-zemki\/mitglieder\/mitglieder\/mitgliedsprofil\/idm\/5339?cHash=aa9acddf41b9dde5a90dc8887a187086\">Viviane Harkort<\/a><\/em><\/strong><em> (ZEMKI, Br\u00eame), <\/em>Opportunit\u00e9s et enjeux de la recherche transnationale en SIC sur les acteurs journalistiques en Allemagne et en France<\/p>\n\n\n\n<p><strong>11.00. <em><a href=\"https:\/\/elico-recherche.msh-lse.fr\/membres\/constance-muhlmeyer\">Marie Muhlmeyer<\/a><\/em><\/strong><em> (ELICO, Lyon), <\/em>La repr\u00e9sentation des femmes vivant avec le VIH dans la presse quotidienne g\u00e9n\u00e9raliste&nbsp;: enjeux et difficult\u00e9s de la collecte d&rsquo;un corpus franco-allemand<\/p>\n\n\n\n<p><strong>11.15<\/strong>. <em><em><strong><a href=\"https:\/\/www.linkedin.com\/in\/sabine-bosler-809b2786\/?originalSubdomain=fr\">Sabine Bosler<\/a><\/strong><\/em> (CRESAT, Mulhouse)<\/em>, Les ancrages th\u00e9oriques de l\u2019\u00e9ducation aux m\u00e9dias en France et en Allemagne : Filiations th\u00e9oriques, concepts et milieux de recherche<\/p>\n\n\n\n<p><strong>Discussion<\/strong><strong><\/strong><\/p>\n\n\n\n<p><strong>11.45. <\/strong>Conclusion \/Schluss<\/p>\n\n\n\n<p class=\"has-text-align-center\">&gt;&gt;&gt; <a href=\"https:\/\/docs.google.com\/forms\/d\/e\/1FAIpQLSdIbcI1Ob2YXuDnTn73umDD6PZCqHx-x_klba6ghl_qq2vDJg\/viewform\">Inscription \/ Anmeldung<\/a><\/p>\n\n\n<a href=\"http:\/\/fonderie-infocom.net\/research\/mcfa\/wp-content\/uploads\/sites\/5\/2021\/03\/MILIEUX-Atelier-1-en-ligne-programme.pdf\" class=\"pdfemb-viewer\" style=\"\" data-width=\"max\" data-height=\"max\" data-toolbar=\"bottom\" data-toolbar-fixed=\"off\">MILIEUX-Atelier-1-en-ligne-programme<\/a>\n<p class=\"wp-block-pdfemb-pdf-embedder-viewer\"><\/p>\n","protected":false},"excerpt":{"rendered":"<p>&gt;&gt;&gt; Inscription \/ Anmeldung Milieux de la recherche en communication&nbsp;: France et Allemagne Ce premier atelier prend les sciences consacr\u00e9es \u00e0 la communication comme objet et comme outil d\u2019analyse. Il vise \u00e0 discuter et \u00e0 consolider les conditions d\u2019une appr\u00e9hension critique et situ\u00e9e des milieux internationaux dans lesquels nous sommes impliqu\u00e9s&nbsp;: en quoi sont-ils des &#8230; <a title=\"Atelier \/ Workshop Lyon 16+23+31 mars 2021\" class=\"read-more\" href=\"http:\/\/fonderie-infocom.net\/research\/mcfa\/evenements-events\/atelier-workshop-lyon-162331-mars-2021\/\" aria-label=\"En savoir plus sur Atelier \/ Workshop Lyon 16+23+31 mars 2021\">Lire la suite<\/a><\/p>\n","protected":false},"author":1,"featured_media":0,"parent":26,"menu_order":0,"comment_status":"closed","ping_status":"closed","template":"","meta":{"footnotes":""},"class_list":["post-157","page","type-page","status-publish"],"_links":{"self":[{"href":"http:\/\/fonderie-infocom.net\/research\/mcfa\/wp-json\/wp\/v2\/pages\/157","targetHints":{"allow":["GET"]}}],"collection":[{"href":"http:\/\/fonderie-infocom.net\/research\/mcfa\/wp-json\/wp\/v2\/pages"}],"about":[{"href":"http:\/\/fonderie-infocom.net\/research\/mcfa\/wp-json\/wp\/v2\/types\/page"}],"author":[{"embeddable":true,"href":"http:\/\/fonderie-infocom.net\/research\/mcfa\/wp-json\/wp\/v2\/users\/1"}],"replies":[{"embeddable":true,"href":"http:\/\/fonderie-infocom.net\/research\/mcfa\/wp-json\/wp\/v2\/comments?post=157"}],"version-history":[{"count":10,"href":"http:\/\/fonderie-infocom.net\/research\/mcfa\/wp-json\/wp\/v2\/pages\/157\/revisions"}],"predecessor-version":[{"id":183,"href":"http:\/\/fonderie-infocom.net\/research\/mcfa\/wp-json\/wp\/v2\/pages\/157\/revisions\/183"}],"up":[{"embeddable":true,"href":"http:\/\/fonderie-infocom.net\/research\/mcfa\/wp-json\/wp\/v2\/pages\/26"}],"wp:attachment":[{"href":"http:\/\/fonderie-infocom.net\/research\/mcfa\/wp-json\/wp\/v2\/media?parent=157"}],"curies":[{"name":"wp","href":"https:\/\/api.w.org\/{rel}","templated":true}]}}