{"id":2,"date":"2020-01-09T17:35:42","date_gmt":"2020-01-09T16:35:42","guid":{"rendered":"http:\/\/fonderie-infocom.net\/research\/mcfa\/?page_id=2"},"modified":"2021-03-25T09:29:01","modified_gmt":"2021-03-25T08:29:01","slug":"projekt-projet","status":"publish","type":"page","link":"https:\/\/fonderie-infocom.net\/research\/mcfa\/","title":{"rendered":"Projet \/ Projekt"},"content":{"rendered":"\n<p><\/p>\n\n\n\n<p class=\"has-very-light-gray-background-color has-background\">Ce projet vise \u00e0 comprendre et favoriser un \u00ab milieu \u00bb franco-allemand durable dans le champ de l\u2019analyse de la communication sociale et culturelle et particuli\u00e8rement en contexte num\u00e9rique, ancr\u00e9e dans une perspective transnationale et transculturelle franco-allemande<\/p>\n\n\n\n<p>Die Antragssteller*innen m\u00f6chten langfristig dazu beitragen ein deutsch-franz\u00f6sisches Forschungsmilieu mit Blick auf die Erforschung sozialer und kultureller, medial vermittelter, insbesondere digital basierter Kommunikationsprozesse aufzubauen. <\/p>\n\n\n\n<p class=\"has-very-dark-gray-color has-very-light-gray-background-color has-text-color has-background\">Nous faisons porter notre constat sur trois milieux franco-allemands connexes:<br><br>1) dans les milieux scientifiques: les sciences consacr\u00e9es \u00e0 la communication elles-m\u00eames sont une sorte de m\u00e9ta-milieu scientifique pour penser la situation dans les deux pays en int\u00e9grant l\u2019histoire des sciences consacr\u00e9e \u00e0 la communication ou de certains de ces champs de recherche dans les deux pays (Atelier 1, Lyon)&nbsp; <br><br>2) des environnements inter- et\/ou d\u00e9connect\u00e9s Franco-Allemands du num\u00e9rique et du design et leur pertinence pour comprendre les usages transfrontaliers des m\u00e9dias dans une r\u00e9gion transfrontali\u00e8re et plus largement entre les pays afin de questionner les \u00e9carts et les convergences dans la mani\u00e8re d\u2019aborder les projets, particuli\u00e8rement les projets de conception de diff\u00e9rentes natures, notamment num\u00e9riques, entre la France et l\u2019Allemagne. Il s\u2019agira, in fine, de questionner la nature des liens entre les acteurs de ces projets et leur potentielle dimension internationale.(Atelier 2, Mulhouse)<br><br>3) dans le journalisme face au populisme et aux \u00ab interm\u00e9diaires \u00bb (Jarren 2019) comme Twitter ou Facebook (Atelier 3, Br\u00eame) dans une vis\u00e9e comparative.<\/p>\n\n\n\n<p><br><\/p>\n\n\n\n<p>Uns geht es um die Praxen von Wissenschaft, die einerseits ein selbstreflexives und selbstkritisches (vgl. Waisbord 2019) Forschungsmilieu begr\u00fcnden wollen, ein Netzwerk von Forscher*innen, und andererseits Forschungsdynamiken in Gang setzen m\u00f6chten, die sich auf Fragen des \u201eMilieus\u201c richten: <br><br>1) in der Kommunikationswissenschaft \u2013 quasi als Metaebene des deutsch-franz\u00f6sischen Forschermilieus &#8211; durch Selbstreflexion, die Entwicklung gemeinsamer Forschungsgegenst\u00e4nde, die Integration der je unterschiedlichen Fachgeschichten oder der Geschichte ausgew\u00e4hlter Forschungsfelder (Atelier 1, Lyon), <br><br>2) auf der konkreten Ebene mit Blick auf zwei Themenstellungen: Milieus Digitaler Medien- und Konzeptions-Kulturen und ihrer Relevanz f\u00fcr die Mediennutzung und Aneignung, gerade im grenz\u00fcberschreitenden Raum (Atelier 2, Mulhouse) um die L\u00fccken und Konvergenzen bei der Herangehensweise an Projekte in Frage zu stellen insbesondere Designprojekte verschiedener Art (Workshop 2, Mulhouse), sowie<br><br>3) Journalistische Milieus und ihre Praxen im Umgang mit (Rechts-)populismus und in Konkurrenz\/Interdependenz zu \u201eIntermedi\u00e4ren\u201c (Jarren 2019) wie Twitter und Facebook in Deutschland und Frankreich (Atelier 3, Bremen).<\/p>\n","protected":false},"excerpt":{"rendered":"<p>Ce projet vise \u00e0 comprendre et favoriser un \u00ab milieu \u00bb franco-allemand durable dans le champ de l\u2019analyse de la communication sociale et culturelle et particuli\u00e8rement en contexte num\u00e9rique, ancr\u00e9e dans une perspective transnationale et transculturelle franco-allemande Die Antragssteller*innen m\u00f6chten langfristig dazu beitragen ein deutsch-franz\u00f6sisches Forschungsmilieu mit Blick auf die Erforschung sozialer und kultureller, medial &#8230; <a title=\"Projet \/ Projekt\" class=\"read-more\" href=\"https:\/\/fonderie-infocom.net\/research\/mcfa\/\" aria-label=\"En savoir plus sur Projet \/ Projekt\">Lire la suite<\/a><\/p>\n","protected":false},"author":1,"featured_media":0,"parent":0,"menu_order":1,"comment_status":"closed","ping_status":"open","template":"","meta":{"footnotes":""},"class_list":["post-2","page","type-page","status-publish"],"_links":{"self":[{"href":"https:\/\/fonderie-infocom.net\/research\/mcfa\/wp-json\/wp\/v2\/pages\/2","targetHints":{"allow":["GET"]}}],"collection":[{"href":"https:\/\/fonderie-infocom.net\/research\/mcfa\/wp-json\/wp\/v2\/pages"}],"about":[{"href":"https:\/\/fonderie-infocom.net\/research\/mcfa\/wp-json\/wp\/v2\/types\/page"}],"author":[{"embeddable":true,"href":"https:\/\/fonderie-infocom.net\/research\/mcfa\/wp-json\/wp\/v2\/users\/1"}],"replies":[{"embeddable":true,"href":"https:\/\/fonderie-infocom.net\/research\/mcfa\/wp-json\/wp\/v2\/comments?post=2"}],"version-history":[{"count":6,"href":"https:\/\/fonderie-infocom.net\/research\/mcfa\/wp-json\/wp\/v2\/pages\/2\/revisions"}],"predecessor-version":[{"id":165,"href":"https:\/\/fonderie-infocom.net\/research\/mcfa\/wp-json\/wp\/v2\/pages\/2\/revisions\/165"}],"wp:attachment":[{"href":"https:\/\/fonderie-infocom.net\/research\/mcfa\/wp-json\/wp\/v2\/media?parent=2"}],"curies":[{"name":"wp","href":"https:\/\/api.w.org\/{rel}","templated":true}]}}