{"id":23,"date":"2020-01-13T15:13:26","date_gmt":"2020-01-13T14:13:26","guid":{"rendered":"http:\/\/fonderie-infocom.net\/research\/mcfa\/?page_id=23"},"modified":"2021-03-25T09:25:25","modified_gmt":"2021-03-25T08:25:25","slug":"equipe-team","status":"publish","type":"page","link":"https:\/\/fonderie-infocom.net\/research\/mcfa\/equipe-team\/","title":{"rendered":"\u00c9quipe \/ Team"},"content":{"rendered":"\n<p>Stefanie Averbeck-Lietz, Viviane Harkort &#8211; ZEMKI &#8211; Universit\u00e4t Bremen<\/p>\n\n\n\n<p>Sarah Cordonnier &#8211; ELICO &#8211; Universit\u00e9 de Lyon<\/p>\n\n\n\n<p>Fabien Bonnet, Carsten Wilhelm &#8211; CRESAT &#8211; Universit\u00e9 de Haute-Alsace<\/p>\n","protected":false},"excerpt":{"rendered":"<p>Stefanie Averbeck-Lietz, Viviane Harkort &#8211; ZEMKI &#8211; Universit\u00e4t Bremen Sarah Cordonnier &#8211; ELICO &#8211; Universit\u00e9 de Lyon Fabien Bonnet, Carsten Wilhelm &#8211; CRESAT &#8211; Universit\u00e9 de Haute-Alsace<\/p>\n","protected":false},"author":1,"featured_media":0,"parent":0,"menu_order":3,"comment_status":"closed","ping_status":"closed","template":"","meta":{"footnotes":""},"class_list":["post-23","page","type-page","status-publish"],"_links":{"self":[{"href":"https:\/\/fonderie-infocom.net\/research\/mcfa\/wp-json\/wp\/v2\/pages\/23","targetHints":{"allow":["GET"]}}],"collection":[{"href":"https:\/\/fonderie-infocom.net\/research\/mcfa\/wp-json\/wp\/v2\/pages"}],"about":[{"href":"https:\/\/fonderie-infocom.net\/research\/mcfa\/wp-json\/wp\/v2\/types\/page"}],"author":[{"embeddable":true,"href":"https:\/\/fonderie-infocom.net\/research\/mcfa\/wp-json\/wp\/v2\/users\/1"}],"replies":[{"embeddable":true,"href":"https:\/\/fonderie-infocom.net\/research\/mcfa\/wp-json\/wp\/v2\/comments?post=23"}],"version-history":[{"count":2,"href":"https:\/\/fonderie-infocom.net\/research\/mcfa\/wp-json\/wp\/v2\/pages\/23\/revisions"}],"predecessor-version":[{"id":25,"href":"https:\/\/fonderie-infocom.net\/research\/mcfa\/wp-json\/wp\/v2\/pages\/23\/revisions\/25"}],"wp:attachment":[{"href":"https:\/\/fonderie-infocom.net\/research\/mcfa\/wp-json\/wp\/v2\/media?parent=23"}],"curies":[{"name":"wp","href":"https:\/\/api.w.org\/{rel}","templated":true}]}}